
63
Let v be (-12072)/(-8) + 16/8. Let j = v - 746. Calculate the remainder when j is divided by 32.
29
Let h = -68 - -73. Suppose -50 + 10 = -h*c. Calculate the remainder when c is divided by 8.
0
Let o = -6283 - -6537. Calculate the remainder when 782 is divided by o.
20
Let i = -7914 + 8494. Calculate the remainder when i is divided by 51.
19
Let y = 11936 - 11893. What is the remainder when 643 is divided by y?
41
Let r be (4/(-12))/(5/(-60)). Suppose -2*y - 131 = -b, r*b + 5*y = 4*y + 542. Calculate the remainder when b is divided by 37.
24
Suppose -36 = -4*y + 3*x, 11 - 29 = -2*y + 5*x. Let s = 29876 + -29869. What is the remainder when ((-15)/y)/(1/(-24)) is divided by s?
5
Let l(j) = j**2 + 5*j - 39. What is the remainder when 675 is divided by l(-11)?
0
Let h = 31200 - 26557. What is the remainder when h is divided by 150?
143
Let r = 166 - 96. Suppose -r = -4*k + 266. Suppose 3*i = 7*i - 4*n - 64, n - k = -4*i. Calculate the remainder when 77 is divided by i.
17
What is the remainder when 1898 is divided by (-110734)/(-117) + ((-208)/(-1170))/((-4)/10)?
6
Suppose 11*s - 15*s + 1448 = 0. Let c = 366 - s. What is the remainder when 49 is divided by c?
1
Suppose 62*j - 32548 = -17*j. Calculate the remainder when j is divided by 62.
40
Let q = -180 - -180. Suppose q = -29*z + 63 + 488. What is the remainder when 61 is divided by z?
4
Let w(t) = t**3 - 7*t**2 + 2*t - 8. Let r = -4428 + 4501. What is the remainder when r is divided by w(7)?
1
Let w = 6764 - 6711. Calculate the remainder when 739 is divided by w.
50
Let c be (11 - (6 - 7)) + 87. Suppose 3*o - 82 + 241 = 0. Let m = o + c. Calculate the remainder when 229 is divided by m.
45
Let j(x) = -11*x**2 + 5*x + 14 + 0*x**3 - 4 - 7 + x**3. Let n be j(10). Let s = n - -50. Calculate the remainder when 14 is divided by s.
2
Let x(q) = -q**2 - 2*q + 5. Let w be x(0). Suppose w*v - 3*v - 122 = 0. Let b = v + -46. Calculate the remainder when 26 is divided by b.
11
Let c(a) = 119*a - 378. Calculate the remainder when c(5) is divided by 72.
1
Let k = -44 - -33. Let h = k + -41. Let n = -40 - h. What is the remainder when n is divided by 4?
0
Let n(j) = 2*j**3 - 53*j**2 - 66*j - 51. Let g be n(28). Let t = g + -405. What is the remainder when t is divided by 19?
10
Let h(g) = 75*g - 1260. What is the remainder when 751 is divided by h(18)?
31
Suppose -162*c + 156*c = -822. Let l = c - 128. Calculate the remainder when 17 is divided by l.
8
What is the remainder when ((-5672)/(-22) - (18 + -29)) + 2/11 is divided by 128?
13
What is the remainder when 1491 is divided by 240 + -54 + 2 + -2 + 2?
175
Suppose 2*o = 4*s - 586, 2*s - 4*o - 133 = 145. Calculate the remainder when 892 is divided by s.
147
Let z = -125 + -400. Let f = 549 + z. What is the remainder when 262 is divided by f?
22
Suppose 5*z - 248 - 107 = -2*m, 6*z - 426 = 2*m. What is the remainder when 773 is divided by z?
63
Suppose 0 = -3*i - 5*h + 2, -91 = -5*h - 116. Calculate the remainder when 21 is divided by i.
3
Let t be (12/(-10))/(((-17)/675)/17). Let h = -661 + t. Calculate the remainder when h is divided by 31.
25
Let n = -2 + -5. Suppose -65*p = -116*p + 3264. Calculate the remainder when p is divided by 312/14 - (-2)/n.
20
Let g(j) = 5*j + 29. Let t be g(-5). Suppose 2*q + 5*z = -3*q + 80, q + t*z = 28. Calculate the remainder when 44 is divided by q.
8
Suppose -2*y + 6726 - 806 = 5*n, -n + 3*y + 1201 = 0. What is the remainder when n is divided by 10?
6
Let v be (6/(-9))/((-344)/57 - -6). Suppose -13*b + v = -12*b. Calculate the remainder when 151 is divided by b.
18
What is the remainder when 268 is divided by 2056/(-16)*42/(-21)?
11
Suppose -4*f + 16 = -n, -f - 2*f = -15. Let r = -2 - -37. What is the remainder when r is divided by 8 + (2/(-4))/((-2)/n)?
8
Let c be 15*((-15)/9)/(-5). Suppose 0 = -c*a - 106 - 4. Let t = a + 34. What is the remainder when 44 is divided by t?
8
Let i = 483 + -409. Let x = 44 - 23. What is the remainder when i is divided by x?
11
Let r(i) = i**2 - 9*i + 22. Let t be r(6). Suppose 4*p + t*v = 9*p - 636, -500 = -4*p + v. What is the remainder when p is divided by 21?
19
Let s(f) = -164*f - 1397. Calculate the remainder when s(-9) is divided by 41.
38
Let f = -4801 + 5870. Calculate the remainder when f is divided by 24.
13
Suppose 2*c - 67 = 133. Let d(z) = 117 - c - 2*z**2 + 4*z + 4*z**2. What is the remainder when d(-4) is divided by 5?
3
Let m(o) = 7*o**2 - 35*o + 285. Calculate the remainder when m(8) is divided by 57.
54
Let r(q) = q**3 + 12*q**2 + 34*q - 18. Let g be r(-6). What is the remainder when 96 + 3/(3/(-2)) is divided by g/(-4) + (-399)/(-38)?
10
Let m(d) = 2*d + 375. Calculate the remainder when m(32) is divided by 13.
10
Let h = 519 - 427. What is the remainder when h is divided by 64?
28
Let x(d) = -2*d. Let h be x(-6). Suppose 4*r + h = 5*r. What is the remainder when 47 is divided by (0 - 4) + (26 - r)?
7
Let c(j) = 254*j + 9. Let z(k) = -508*k - 19. Let y(i) = -5*c(i) - 3*z(i). Calculate the remainder when y(1) is divided by 15.
11
What is the remainder when 849 is divided by (-50)/(((-16)/(-1080)*-5)/((-2)/(-6)))?
174
Let i(b) = 48*b - 16. What is the remainder when i(3) is divided by ((104/3)/8)/((-6)/(-36))?
24
Let n be (4 + 1)*12/5. Suppose 73 = 5*m + 13. What is the remainder when (-690)/n*(-1 - 9/(-15)) is divided by m?
11
Let i(b) = b**3 + 38*b**2 + 101*b - 72. Calculate the remainder when i(-35) is divided by 47.
21
Let t be ((-9)/(-36))/(5/(-40)). What is the remainder when 323 is divided by (t/4 + 1)/(12/600)?
23
Let s = -56 - -58. Let l(u) = 4*u + 56*u**2 - 1 - 51*u**2 - 2. Calculate the remainder when 49 is divided by l(s).
24
Calculate the remainder when ((-4)/(-10))/((-264)/(-231) - 193/175) is divided by 4.
2
Let q(m) = 188*m - 4641. Let x(y) = -2*y**3 + 4*y. Calculate the remainder when x(-5) is divided by q(25).
53
Let h(q) = q + 2*q**3 + 25 - 17 - 9 - 3*q - 2*q**2. Let w be h(4). Suppose -2*t = 2*x - 3*t - 58, 2*t - w = -3*x. What is the remainder when x is divided by 10?
9
Let s(a) = a**3 + 11*a**2 + 94*a + 898. What is the remainder when s(-10) is divided by 23?
12
Calculate the remainder when (-204)/5*6070/(-1821) is divided by 122.
14
Let a(p) = -5*p**2 + 153*p - 342. What is the remainder when 710 is divided by a(27)?
134
Calculate the remainder when (-167*(5 + -5 + -4 + 3))/1 is divided by (-21)/(2 - 1 - 2).
20
Let c(o) = -230*o + 1731. Calculate the remainder when c(-7) is divided by 38.
35
Suppose -35 = -6*c - 5. Calculate the remainder when 50 is divided by (3/c)/(363/90 + -4).
14
Suppose 4*j + 5*g = 29, -j - 5*g - 19 = -5*j. Suppose 150*h - 1531 = 2519. What is the remainder when h is divided by j?
3
Let l = 62 + -46. Let m = l - 10. Calculate the remainder when 15 is divided by m.
3
Let z = -12589 + 13986. Calculate the remainder when z is divided by 240.
197
Let i(j) = -j**2 - 13*j - 24. Let p(z) = z + 6. Let g be p(-6). Suppose f + g = -8. Calculate the remainder when 60 is divided by i(f).
12
Suppose 0 = 5*i - 19 - 21. Suppose 0 = j - i + 22. Calculate the remainder when j/105 + 392/15 is divided by 9.
8
Suppose 4*c = 181 - 1221. Let q = -252 - c. Let v(f) = 2*f - 5. Calculate the remainder when q is divided by v(5).
3
Let a(c) = 7*c - 50. Let g be a(8). Suppose -11*q + 15 = -g*q. What is the remainder when 19 is divided by 36/(-24)*(2 - 22/q)?
3
Suppose 197 = -3*d + 206. What is the remainder when 224 is divided by d?
2
Let c = 87 + -56. Suppose -3*t - 25 = 5*u - u, 0 = u + 4. Calculate the remainder when c is divided by (t/6)/(1/(-16)).
7
Let l = -69 - -81. Suppose 5*u = 10*b - l*b + 158, -3*b = 3*u - 102. What is the remainder when 99 is divided by u?
9
Suppose 166 = -2*y + 268. Calculate the remainder when y is divided by 26.
25
Suppose 2*w + 2*w - 83 = 3*p, 2*w + p - 39 = 0. Let k = 1667 + -994. Suppose 15*r - 17 = k. Calculate the remainder when r is divided by w.
6
Let c(i) = i**3 - 8*i**2 - 336*i + 3549. Calculate the remainder when c(11) is divided by 24.
0
Suppose 3*m = -4*q + 267, 5*q - 111 = -m - 0*q. Calculate the remainder when 477 is divided by m.
72
Let c be 7/((-1)/2 - 0). Calculate the remainder when 48 is divided by (-1 - 0)*-25 - (14 + c).
23
Let r = 949 + -934. Calculate the remainder when 68 is divided by r.
8
Cal